t is the remainder when 687718307 is divided by 23?
22
What is the remainder when 542903 is divided by 118?
103
Calculate the remainder when 264070359 is divided by 230.
229
Calculate the remainder when 8908590 is divided by 262017.
12
What is the remainder when 8104285 is divided by 556?
29
What is the remainder when 344149 is divided by 85880?
629
Calculate the remainder when 32210 is divided by 31585.
625
What is the remainder when 8322 is divided by 436?
38
Calculate the remainder when 6615186 is divided by 2574.
6
What is the remainder when 1911134 is divided by 3053?
3009
What is the remainder when 332959640 is divided by 18?
14
Calculate the remainder when 8514240 is divided by 2.
0
Calculate the remainder when 154840 is divided by 12899.
52
Calculate the remainder when 20569236 is divided by 233.
229
Calculate the remainder when 178291 is divided by 7142.
6883
Calculate the remainder when 4877812 is divided by 270986.
64
What is the remainder when 1459239 is divided by 1240?
999
What is the remainder when 896759 is divided by 2105?
29
What is the remainder when 6087772 is divided by 80102?
20
What is the remainder when 1037661 is divided by 7059?
7047
Calculate the remainder when 421811 is divided by 327.
308
Calculate the remainder when 20494 is divided by 2726.
1412
What is the remainder when 18944220 is divided by 4736055?
0
What is the remainder when 30333842 is divided by 813?
812
Calculate the remainder when 1046915 is divided by 17162.
33
What is the remainder when 6226307 is divided by 39?
35
What is the remainder when 319419 is divided by 2877?
72
Calculate the remainder when 15046073 is divided by 373.
372
Calculate the remainder when 2022864 is divided by 2919.
2916
Calculate the remainder when 38894 is divided by 3527.
97
What is the remainder when 65466923 is divided by 226529?
42
What is the remainder when 5241205 is divided by 1811?
171
What is the remainder when 119491 is divided by 17069?
8
Calculate the remainder when 68774401 is divided by 695.
676
Calculate the remainder when 1961520 is divided by 12123.
9717
Calculate the remainder when 3327633 is divided by 130.
23
Calculate the remainder when 458703 is divided by 2637.
2502
Calculate the remainder when 92620587 is divided by 30.
27
Calculate the remainder when 229077 is divided by 901.
223
Calculate the remainder when 14164640 is divided by 98.
14
Calculate the remainder when 10428987 is divided by 200.
187
Calculate the remainder when 669392 is divided by 114.
98
What is the remainder when 25354 is divided by 3162?
58
What is the remainder when 4824894 is divided by 453?
444
Calculate the remainder when 2813774 is divided by 1169.
1160
What is the remainder when 395424 is divided by 43936?
0
Calculate the remainder when 4629081 is divided by 27391.
2
What is the remainder when 100383925 is divided by 91?
5
What is the remainder when 509998 is divided by 254995?
8
Calculate the remainder when 5010019 is divided by 68.
51
Calculate the remainder when 3223978 is divided by 2660.
58
Calculate the remainder when 1088766 is divided by 2828.
2814
Calculate the remainder when 381229 is divided by 268.
133
What is the remainder when 73202309 is divided by 20?
9
Calculate the remainder when 1446 is divided by 440.
126
Calculate the remainder when 45957486 is divided by 3535191.
3
What is the remainder when 1032670 is divided by 48?
46
Calculate the remainder when 133138 is divided by 379.
109
What is the remainder when 181859 is divided by 3204?
2435
What is the remainder when 663302 is divided by 11091?
8933
Calculate the remainder when 32749773 is divided by 8.
5
Calculate the remainder when 3517272 is divided by 416.
408
What is the remainder when 75916 is divided by 2775?
991
Calculate the remainder when 1887664 is divided by 1161.
1039
Calculate the remainder when 1290062 is divided by 161157.
806
Calculate the remainder when 213698 is divided by 848.
2
What is the remainder when 13408775 is divided by 3074?
3061
What is the remainder when 288211 is divided by 704?
275
What is the remainder when 72187 is divided by 13734?
3517
Calculate the remainder when 2128693 is divided by 212.
1
What is the remainder when 4127923 is divided by 515986?
35
Calculate the remainder when 41386278 is divided by 247822.
4
What is the remainder when 970389 is divided by 108?
9
What is the remainder when 2170504 is divided by 2170147?
357
Calculate the remainder when 602518 is divided by 11150.
418
Calculate the remainder when 44601 is divided by 750.
351
What is the remainder when 64275958 is divided by 105717?
22
Calculate the remainder when 31953 is divided by 15862.
229
Calculate the remainder when 34681 is divided by 1564.
273
Calculate the remainder when 21781 is divided by 7201.
178
Calculate the remainder when 14106 is divided by 701.
86
Calculate the remainder when 20608600 is divided by 497.
495
What is the remainder when 1354803 is divided by 32?
19
What is the remainder when 2336647 is divided by 1167631?
1385
What is the remainder when 81165871 is divided by 8323?
8298
What is the remainder when 5742304 is divided by 14320?
14304
Calculate the remainder when 1853715 is divided by 1579.
1548
What is the remainder when 214987862 is divided by 56?
54
Calculate the remainder when 197274 is divided by 211.
200
Calculate the remainder when 12550025 is divided by 1254.
1247
What is the remainder when 9247028 is divided by 415?
413
What is the remainder when 63790 is divided by 31789?
212
What is the remainder when 4738046 is divided by 5030?
4816
What is the remainder when 31595 is divided by 1747?
149
What is the remainder when 144597 is divided by 9282?
5367
Calculate the remainder when 19933415 is divided by 617.
613
What is the remainder when 148964758 is divided by 8?
6
What is the remainder when 62728579 is divided by 252?
235
What is the remainder when 10574434 is divided by 14?
10
Calculate the remainder when 619543 is divided by 15.
13
Calculate the remainder when 57825401 is divided by 52.
49
Calculate the remainder when 27084969 is divided by 1130.
1129
What is the remainder when 1329123292 is divided by 8427?
8425
What is the remainder when 5264172 is divided by 2775?
2772
Calculate the remainder when 4185034 is divided by 97326.
16
Calculate the remainder when 14718333 is divided by 65.
58
Calculate the remainder when 13206497 is divided by 1438.
1343
Calculate the remainder when 164828384 is divided by 3623.
3622
Calculate the remainder when 1715086 is divided by 428769.
10
Calculate the remainder when 20382443 is divided by 6050.
6043
What is the remainder when 106848 is divided by 170?
88
What is the remainder when 1817647 is divided by 5442?
19
What is the remainder when 14635 is divided by 7306?
23
Calculate the remainder when 439972 is divided by 9564.
28
Calculate the remainder when 1784589 is divided by 3642.
9
What is the remainder when 3450995 is divided by 16?
3
What is the remainder when 3631215 is divided by 853?
847
What is the remainder when 693934 is divided by 829?
61
What is the remainder when 3292939 is divided by 3?
1
What is the remainder when 1175542 is divided by 391819?
85
What is the remainder when 169751 is divided by 6545?
6126
Calculate the remainder when 14350 is divided by 936.
310
What is the remainder when 378164 is divided by 378157?
7
What is the remainder when 33897 is divided by 8474?
1
Calculate the remainder when 4181479 is divided by 18.
7
What is the remainder when 1058363525 is divided by 102?
101
Calculate the remainder when 185240942 is divided by 4797.
4787
What is the remainder when 1347775 is divided by 1347768?
7
Calculate the remainder when 124565 is divided by 1415.
45
What is the remainder when 175651762 is divided by 6?
4
Calculate the remainder when 4238 is divided by 1810.
618
What is the remainder when 2150047 is divided by 55?
42
What is the remainder when 569025 is divided by 568945?
80
Calculate the remainder when 3854604 is divided by 30.
24
What is the remainder when 517353624 is divided by 125?
124
What is the remainder when 92417 is divided by 2565?
77
What is the remainder when 363397 is divided by 339?
328
Calculate the remainder when 37574266 is divided by 20.
6
Calculate the remainder when 268514010 